70 and o.
35
Let h be 1/(-3) + 7030/30. What is the greatest common factor of 9 and h?
9
Let h(m) = m**3 - 2*m**2 - 2*m. Let r(j) = 2*j**2 + 2*j + 2. Let x be r(-2). Let z = -3 + x. Let c be h(z). What is the highest common divisor of 1 and c?
1
Suppose 5*x - o - 845 - 25 = 0, 0 = -2*x - 5*o + 348. Calculate the highest common divisor of 290 and x.
58
Suppose 0 = -3*p + 3*l + 99, 2*l + 9 = 5*l. Suppose 0*i = 4*i - p. Let k = 118 - 37. What is the highest common factor of k and i?
9
Suppose -34*v - 1 = -35*v. What is the greatest common factor of 32 and v?
1
Let j be (138/42 - 3) + 278/7. What is the greatest common factor of j and 320?
40
Suppose -143 - 27 = -2*f. Suppose -7*o + 4*o + 12 = 0. Suppose o*r + 3*n = -0*r + 71, r + 3*n - 20 = 0. Calculate the highest common factor of f and r.
17
Let r = 359 - 104. What is the greatest common divisor of 170 and r?
85
Let i(l) = -l**2 + 5*l. Let y be i(4). Suppose 2*r - y = -0. Suppose r*a = a + 72. Calculate the greatest common divisor of a and 18.
18
Suppose 3*x - 8*k + 3*k = 42, k = -2*x + 15. Suppose -10*o + 7*o + x = 0. What is the highest common divisor of 12 and o?
3
Let j = 372 - -465. Let a = j + -1933. Let h be a/(-72) - 2/9. Calculate the greatest common divisor of h and 105.
15
Suppose 5*q + x = -x + 8, 3*q + 3*x = 12. Let n = -7 - -8. Suppose q*w - w = -n. What is the highest common factor of w and 9?
1
Suppose 0 = -5*s + 2*x + 146 + 9, -s + 53 = 4*x. Calculate the greatest common divisor of 3 and s.
3
Let x(p) = p**3 - 2*p**2 - 2*p + 3. Let v be x(3). Let j(t) = -t**2 + 8*t - 9. Let l be j(v). Calculate the highest common factor of 6 and l.
3
Let d be (-2)/2 + 126/9. What is the greatest common divisor of d and 26?
13
Let h = -85 + 112. Suppose -4*t + 49 = 2*s - h, t + 5 = 0. Calculate the greatest common factor of 12 and s.
12
Let b = -26 - -8. Let h be 66/b*1*-3. What is the highest common factor of 11 and h?
11
Let g(r) = 221*r + 1. Let m(a) = -220*a - 1. Let w(b) = -5*g(b) - 4*m(b). Let j = 36 - 37. Let n be w(j). Calculate the greatest common factor of 28 and n.
28
Let w(v) = v**2 + 4*v. Let l be w(-6). Let c be (22/6)/(4/l). Suppose -g - 2*y = -c, 7*g - y - 26 = 3*g. Calculate the highest common divisor of 1 and g.
1
Suppose 5*c - j - 88 = 0, 2*c + 4*j = 23 + 21. Let d(l) = -5*l + l + 37 - 40 - 3*l. Let h be d(-3). What is the highest common factor of h and c?
18
Suppose -3*z - 4 + 25 = 0. Calculate the greatest common divisor of z and 1.
1
Let r(s) = -s**2 - 1 + 2 + 21*s**3 + 12*s - 13*s. Let f be r(1). Calculate the highest common divisor of f and 8.
4
Suppose 0 = 3*n - 4*f - 6, -2*n = -2*f - 3 + 1. Let h(p) = 12*p**2 - 2*p - 4. Let t be h(n). What is the highest common factor of t and 120?
24
Let f = 9 - 5. Let y(w) = 4 + w**2 + 3*w + 2*w - f*w. Let q be y(3). What is the greatest common divisor of 2 and q?
2
Let l be 37/6 + (-10)/60. Suppose l*w = w + 60. What is the greatest common divisor of w and 36?
12
Suppose 5*h = -5*h + 280. What is the greatest common factor of 21 and h?
7
Suppose 2*f + 205 = 5*c - 3*f, 3*c = 5*f + 121. Let h(u) = u**3 - 13*u**2 + 22*u + 6. Let l be h(11). What is the highest common factor of c and l?
6
Let n = 495 + -353. Suppose 0 = 7*y - 5*y + n. Let w be 0 - -1 - (y + 2). What is the greatest common factor of 10 and w?
10
Let i be (-2)/24*-38 + (-4)/24. Suppose -12 = i*c, 0 = -2*k + 5*c + 73 + 267. What is the greatest common divisor of k and 20?
20
Suppose -2*j = j - 333. Let i be j/4 - (-7)/28. Calculate the greatest common factor of 7 and i.
7
Let x(t) = t**2 - 7*t - 3. Let w = 12 - 5. Let r be x(w). Let c(d) = -d**2 - 6*d - 5. Let m be c(r). Calculate the greatest common factor of 6 and m.
2
Let r be 4110/25 + 9/15. Let y(a) = -a + 1. Let j be y(1). Let l(d) = -d**2 + d + 15. Let q be l(j). What is the greatest common divisor of q and r?
15
Suppose -3*o - 5*k + 246 = 20, -k + 76 = o. Let s = -180 + 191. Calculate the greatest common divisor of s and o.
11
Let j be ((6/4)/((-27)/(-18)))/1. Let n be j/(-5) + 6/(120/284). What is the greatest common factor of n and 49?
7
Suppose 5*q - 3 + 38 = t, 37 = 3*t + 2*q. Suppose -4*o = -5 - t. What is the highest common divisor of o and 35?
5
Let d = 9 + 82. Let s = d - 88. What is the greatest common factor of s and 6?
3
Let o(x) = -3*x**3 + 7*x**2 + 7*x - 1. Let y be o(3). What is the highest common factor of y and 81?
1
Let o = -342 - -357. What is the highest common divisor of 48 and o?
3
Suppose -10*d - 120 = -5*d. Let o be ((-54)/d)/((-1)/(-28)). Calculate the greatest common divisor of 7 and o.
7
Let b = -1832 - -1842. Let g = -39 - -119. What is the greatest common divisor of g and b?
10
Let j(p) = p**3 - 7*p**2 + 4*p + 5. Let n be j(6). Let g = n + 7. Suppose g = -z + 4*z - 225. What is the greatest common divisor of 30 and z?
15
Let x(p) = -p**2 - 9*p + 6. Let s be x(-8). Let m = 259 + -147. What is the greatest common factor of m and s?
14
Let u(l) = l**3 + 7*l**2 + 6*l + 8. Let n be u(-5). Let v be (-27)/18*n/(-6). Let o be (-4 + 60/18)/(2/(-84)). Calculate the greatest common divisor of v and o.
7
Let v be (-694)/(-10) - 36/90. Calculate the highest common factor of v and 46.
23
Suppose -12*u + 17*u - 250 = -5*r, 0 = -5*u + r + 238. What is the highest common factor of 156 and u?
12
Let n = 5 - 1. Suppose -n*i + 20 = 2*x, 5*x - 2*i + 3*i = 59. Suppose -3*l = -6 - 66. Calculate the greatest common factor of x and l.
12
Let o = -216 + 227. Suppose b = -4*b + 495. Calculate the highest common factor of b and o.
11
Let u = 13 + -11. Suppose 2*a - 25 = a. Let m be -2 + u + -3 + a. What is the highest common factor of m and 88?
22
Let i = -19 - -57. Suppose 0*b + i = 2*b. Suppose -47 = -l - t + 26, t + 3 = 0. What is the greatest common factor of b and l?
19
Suppose 7 = -y + 3*b, -4*y = 5*b + 21 - 78. Calculate the greatest common factor of y and 256.
8
Let r(o) = 2*o**2 - 4*o + 8. Suppose 3*z + 34 = 5*q, q - 2*z - z = 2. Let l be r(q). What is the greatest common factor of 13 and l?
13
Let l(a) = 2*a + 6. Let u be 3/(3/4) - -2. Let m be l(u). What is the greatest common factor of 90 and m?
18
Let h(n) = -7*n - 11. Let j be h(-2). Let v be (-40)/(-60) + 19/j. What is the greatest common divisor of v and 42?
7
Suppose 4*o + 8 = 0, 94 - 3334 = -4*h - 2*o. Let n be h/5 - 13/65. Calculate the greatest common factor of 9 and n.
9
Let p be (102/(-9))/((-1)/9). Let w = 817 + -800. What is the highest common divisor of p and w?
17
Suppose 2*f - 1889 + 495 = 0. What is the highest common factor of f and 17?
17
Suppose -5*v + 6 = d, -9*d = -4*d + v + 18. Let h be 218/16 - -3*d/(-32). What is the highest common factor of h and 14?
14
Let f be 3*590/45 + 20/30. What is the greatest common factor of f and 104?
8
Suppose 110*t = 124*t - 546. What is the greatest common divisor of t and 52?
13
Let z(t) = -t**3 - 5*t**2 + t + 4. Let i be z(-4). Let v be 74/4 - 24/i. What is the highest common factor of 100 and v?
20
Let r be 12/21 - (-6201)/63. Let b = -75 + r. What is the greatest common factor of b and 72?
24
Suppose -4*d = d. Suppose 2*y = -d*y + 36. Suppose v - 12 = 24. Calculate the highest common divisor of v and y.
18
Suppose 0 = 2*s - w - 2*w - 248, 0 = s - 2*w - 125. Suppose -5*d + 5*x - 4*x + s = 0, -2*d + x = -46. Calculate the highest common factor of d and 225.
25
Suppose 4*k = -3*g + 88, 2*g + 30 = -k + 92. What is the greatest common divisor of 8 and g?
8
Let f be 0*(2/8)/(-1)*2. Suppose 3*t = 5*h + 63, f*h + 2*h = 4*t - 70. What is the greatest common factor of t and 112?
16
Let b = 194 + -190. What is the greatest common divisor of b and 32?
4
Let z(n) = n**2 - n - 3. Let r be z(3). Suppose 2*w + r*w = 135. Suppose 0 = -u - 5*t + 4*t + 8, 2*t - 1 = 3*u. What is the highest common factor of w and u?
3
Let s be 416/(-12)*(-6)/(-4). Let i be (-3 - s/8)*-2. Let u = 62 - i. Calculate the highest common factor of 23 and u.
23
Let m be 0 - (2/6 + (-13)/3). Let w = -55 - -87. Calculate the highest common factor of m and w.
4
Let x be (-2 - 1) + 7/(28/1452). Suppose -45 = -2*m + m. What is the greatest common factor of m and x?
45
Suppose 0 = 3*u - 3*p - 63, -3*p + 6 + 31 = 2*u. Calculate the greatest common divisor of u and 45.
5
Let q be (-5 - 2/(-1)) + (281 - 5). What is the greatest common factor o